 is divided by d?
30
Let z(q) = 2*q + 47. Let r be z(-18). Let l = r - 8. Let i = -5 + 17. Calculate the remainder when i is divided by l.
0
Let b = 117 - 33. Suppose 3*a = 5*g + b - 269, -2*a = -g + 30. Calculate the remainder when g is divided by 8.
0
What is the remainder when 2333 is divided by (1 + 10)*(-9310)/(-1045)?
79
Let q be 2/3*(-9)/(-3) + -73. Let m = q + 80. Suppose -5*d + 11*d = 168. Calculate the remainder when d is divided by m.
1
Let b = -165 + 170. Suppose 378 = b*m + 13*m. Calculate the remainder when 56 is divided by m.
14
Let m = 19903 - 19465. What is the remainder when 494 is divided by m?
56
Let z(s) = -6*s + 5. Let u(j) = -29*j + 24. Let f(o) = 465*o - 384. Let y(t) = 2*f(t) + 33*u(t). What is the remainder when y(-4) is divided by z(-2)?
13
Let u = -8826 - -8854. Calculate the remainder when u is divided by 10.
8
Suppose 0*n = 2*n + 10, 0 = -2*m + 4*n + 206. Let o(b) = -665*b - 5308. Calculate the remainder when m is divided by o(-8).
9
Let i(x) = 6*x - 7. Suppose -4*p - 3*s + 681 = 0, 2*s = -60 + 58. Calculate the remainder when p is divided by i(6).
26
Let p(i) = 4*i**2 + i - 5. Let q be p(-5). Suppose 14 - q = -4*s. What is the remainder when (28/(-2))/((-13)/26) is divided by s?
9
Let u(i) = 25*i**3 + 2*i**2 + 8*i - 17. What is the remainder when u(4) is divided by 66?
63
Let w(d) = 2*d**3 - 17*d**2 + 7*d - 1. Let n be w(8). Let m(b) = -b**2 - 11*b + 5. Calculate the remainder when 159 is divided by m(n).
21
Let k(h) = -259*h - 1712. What is the remainder when k(-8) is divided by 16?
8
Suppose 3*z + 2*v - 14 = z, 2*v = 3*z - 46. Suppose -4*t - 2*i + z = -0*i, 21 = 5*t + i. What is the remainder when -25*((-21)/t + 3) is divided by 8?
6
Calculate the remainder when 10284 is divided by 11327/423 + (-5)/((-90)/4).
24
Suppose -3*i - 3*l + 282 + 447 = 0, -3*i + 723 = 5*l. Let c = -206 + i. What is the remainder when 78 is divided by c?
38
Let k be (10/(-3))/((-18)/27). Suppose -3*h = k*y - 3595 + 508, -3*h - 2448 = -4*y. What is the remainder when y is divided by 77?
76
Let a(h) = -h**3 + 4*h**2 + 1441*h - 20. Calculate the remainder when 10479 is divided by a(40).
19
Suppose 0 = -34*p + 1925 + 1169. Calculate the remainder when p is divided by 30.
1
Let a = 482 + -207. Suppose k - 3*l - a = 0, 4*l - 923 - 97 = -4*k. Suppose 0 = 5*w - k - 15. Calculate the remainder when w is divided by 15.
10
Suppose 2*d = 4*m - 284, 5*d - 134 = -2*m + 4*d. Let c = m - 44. Suppose 0 = -3*y - 37 + 58. What is the remainder when c is divided by y?
4
Suppose 2*k = -3*k + 510. Calculate the remainder when k is divided by (4 + -1)/(((-200)/(-500))/(72/10)).
48
Let l be 7/1*(-516)/(-301). Suppose 0 = 3*d - 5*z - 74 - 58, l = 4*z. Suppose 5*v - 499 - 231 = 0. What is the remainder when v is divided by d?
48
Suppose -5*i - 2*x + 274 + 166 = 0, -25 = -5*x. Let j(c) = -c**3 + 7*c**2 + 12*c - 3. What is the remainder when i is divided by j(8)?
28
Let n(r) = r**3 + 16*r**2 - 20*r - 342. What is the remainder when 444 is divided by n(-13)?
19
Let w(a) = 2*a**2 - 8*a - 5. Let m be w(6). Let b = 6 + m. Suppose -5 = -5*n + b. What is the remainder when 21 is divided by n?
3
Let l(d) = -3*d - 197. Calculate the remainder when l(-117) is divided by 107.
47
Suppose -2*f + 2 = -3*f, -4*f + 210 = 2*w. Suppose -59 = -6*l + w. Let z(c) = -c + 52. Calculate the remainder when z(0) is divided by l.
24
What is the remainder when (545/2 - 0)*18*14/210 is divided by (40/(-12) - -4)/(2/99)?
30
What is the remainder when (-168833)/(-14) - (-2 - -5)/(-6) is divided by 37?
35
Let w = 6023 - 5231. Calculate the remainder when w is divided by 80.
72
Let r be 38/((5/20)/((-2)/(-8))). Suppose r*g = 36*g - 90. Let s = -30 - g. Calculate the remainder when 87 is divided by s.
12
Suppose -2*v + 22 = 14. Suppose 2*m - 2*f = 56, 73 - 192 = -3*m - v*f. Calculate the remainder when 42 is divided by m.
9
Suppose -s + 108 = 8*s. Suppose 7*h = 349 + 554. Calculate the remainder when h is divided by s.
9
Suppose -183 - 779 = -74*f. What is the remainder when ((-21)/(-63))/((-1)/(-855)) is divided by f?
12
Let s = 162 + 566. Suppose -4*o - 80 + s = -3*m, -4*m + 181 = o. Calculate the remainder when o is divided by 34.
29
Let t(w) = -7*w**2 + 13*w + 8*w**2 - 15*w - 8. Let d be t(6). Suppose -16 - d = -2*s. Calculate the remainder when 43 is divided by s.
11
What is the remainder when 1672 - (-3 - 10/5) is divided by 24?
21
Let h = -80 - -43. Let p = -20 - h. What is the remainder when 117 is divided by p?
15
Let h(n) = -123*n - 840. What is the remainder when h(-8) is divided by 42?
18
Suppose -7*u + 116 = -24. Suppose 103 = u*a - 57. Calculate the remainder when 51 is divided by a.
3
Let b = 6233 - 6234. Suppose -3*j + 160 = j. What is the remainder when (-4 - (b + -3)) + j is divided by 24?
16
Suppose 4*a - 468 = -3*l, 6*l = a + 23*l - 117. Calculate the remainder when 575 is divided by a.
107
Let g(t) = 2*t + 495. Let i be g(0). Suppose 0 = -5*d + i + 2200. Suppose 9*z - 199 = d. What is the remainder when z is divided by 7?
5
Suppose 1454 = 27*u - 18866 - 19910. What is the remainder when u is divided by 31?
2
Let n(d) = 3*d**3 + 166*d**2 + 42*d - 684. Let f = 127 - -57. Let m = f + -93. Calculate the remainder when m is divided by n(-55).
29
Let r = 10534 - 10140. Calculate the remainder when r is divided by 57.
52
Let f = -1329 - -1500. What is the remainder when 685 is divided by f?
1
What is the remainder when 24/(-4)*(-74)/4 + 2 is divided by 17?
11
Calculate the remainder when 877 is divided by (400/6)/((3/15)/(18/60)).
77
Let k(u) = 1. Let b(a) = -4*a - 35. Let d(t) = b(t) - 3*k(t). Let w be d(-14). Suppose -w*x - 93 = -19*x. Calculate the remainder when x is divided by 24.
21
Suppose -5*f + 2*g - 4 = -8, 4*f = -5*g - 10. Suppose f = 4*m - 12, 0 = 4*x + m - 3*m + 6. Calculate the remainder when 18 is divided by 11 - 5/5*x.
7
Let x(o) = 3*o**2 - 20*o - 2. Let q be x(5). Calculate the remainder when (q - -1)*(-8 + 7) is divided by 5.
1
Let k be (-6950)/(-75)*(-6)/(-4). Let l = k + -130. What is the remainder when 87 is divided by l?
6
Suppose 3*j + 50 = 8*j. Suppose -47*c + 1179 = -38*c. Let z = -93 + c. What is the remainder when z is divided by j?
8
Let t(h) be the first derivative of h**3/3 + 16*h**2 - 30*h + 61. What is the remainder when 147 is divided by t(-34)?
33
Let y = 6627 + -6439. What is the remainder when y is divided by 10?
8
Let x(o) = -o**2 - 25*o + 7. Let z be x(-23). Suppose -67*d = -z*d - 4564. What is the remainder when d is divided by 30?
26
Suppose -2*f - 9186 = -9308. What is the remainder when 233 is divided by f?
50
Suppose -15 = 4*x - 51. Suppose 0 = -2*t + 3*a + 34, 3*t - 4*a = 7*t - 108. Let o = 25 - t. Calculate the remainder when x is divided by o.
1
Suppose -3*b - 45 + 21 = -d, b + 3*b = 0. Calculate the remainder when 13414 is divided by d.
22
Suppose 1406 = -5*o - 5*j - 2184, 2874 = -4*o - 3*j. Let f = 1205 + o. Suppose 175 = 10*x - f. What is the remainder when x is divided by 18?
12
Suppose -t = -10*t + 27. Let w be 5 + t*((-3)/(-9) + -1). Suppose -3*x = -d - 175, -d + 103 = w*x - 82. What is the remainder when x is divided by 9?
6
Suppose 2*w - 7 + 1 = 0. Calculate the remainder when (w + -2)/((-248)/256 - -1) is divided by ((-12)/7)/((-5)/35).
8
Let r(s) = -2*s - 6. Let q be r(-3). Suppose q = 4*u + 4*n - 32, -5*u - 2 = -3*n - 74. Let y = 53 + 4. What is the remainder when y is divided by u?
9
Let x(d) = -69 + 79 - 6*d + d**3 - 2*d**2 + d. Let c be x(3). Suppose 0 = -3*m + 5*p + 78, 9 + 84 = c*m - 3*p. Calculate the remainder when m is divided by 9.
3
Suppose -9*v + 121 + 68 = 0. Suppose -2*u - 2*u + v = 5*b, b = 5*u + 10. What is the remainder when 33 is divided by b?
3
What is the remainder when 3908/6 + ((-319)/(-33) - 9) is divided by 66?
58
What is the remainder when 162 is divided by (-2436)/(-16) - (-31)/(-124)?
10
Let x(n) = 121*n + 1714. What is the remainder when x(0) is divided by 44?
42
Suppose -w + 54 = -f, -7 + 11 = -4*f. What is the remainder when 171 is divided by w?
12
Let y(d) = -d**3 + 10*d**2 + 14*d - 14. Let o be y(-6). Let m = 507 - o. What is the remainder when (0 + -1)/(4/(-332)) is divided by m?
25
Suppose 0 = 3*p - 15, -3*j + 0 = -5*p - 38. Calculate the remainder when 3357 is divided by j.
18
Let z be (-